{"id":788,"date":"2022-08-28T11:29:46","date_gmt":"2022-08-28T09:29:46","guid":{"rendered":"https:\/\/lieferanten-verzeichnis.info\/railwatch\/?page_id=788"},"modified":"2022-09-04T11:07:55","modified_gmt":"2022-09-04T09:07:55","slug":"leistungsangebot","status":"publish","type":"page","link":"https:\/\/lieferanten-verzeichnis.info\/railwatch\/leistungsangebot\/","title":{"rendered":"LEISTUNGSANGEBOT"},"content":{"rendered":"<div data-post-id=\"2187\" class=\"insert-page insert-page-2187 \"><h1><img loading=\"lazy\" decoding=\"async\" class=\"\" src=\"https:\/\/www.rail-watch.com\/fileadmin\/user_upload\/bilder\/Leistungen.png\" alt=\"\" width=\"1329\" height=\"243\" \/><\/h1>\n<h1><strong>Was wir f\u00fcr unsere Kunden leisten<\/strong><\/h1>\n<p>Der Umfang unserer Services ist auf die Anspr\u00fcche unserer verschiedenen Kundengruppen zugeschnitten. Unsere Produkte gliedern sich in Produkte f\u00fcr Eisenbahnverkehrsunternehmen, Wagenhalter und verladende Industriebetriebe.<\/p>\n<p>&nbsp;<\/p>\n<h2><strong>Der Zugcheck:<\/strong><\/h2>\n<p>Der Zugcheck ist ein <strong>Datenservice, <\/strong>der in seiner Funktion und seinem Design speziell auf <strong>Eisenbahnverkehrsunternehmen<\/strong> ausgelegt ist. Mit dem Zugcheck k\u00f6nnen Eisenbahnverkehrsunternehmen Ihre Z\u00fcge <strong>auf einen Blick nachverfolgen<\/strong> und den <strong>technischen Zustand der Z\u00fcge kontrollieren.<\/strong> Von uns erfasste Z\u00fcge werden im Zugcheck Dashboard aufgelistet und <strong>gemessene kritische Zust\u00e4nde und Warnungen<\/strong> an einzelnen Wagen <strong>farblich hervorgehoben<\/strong>. <strong>Zur gezielten Suche<\/strong> nach bestimmten Z\u00fcgen lassen sich alle Z\u00fcge nach Datum, UIC-Wagennummer, Wagengattung und weiteren Kriterien <strong>filtern<\/strong>. Mit den angezeigten Daten bietet der Zugcheck eine <strong>Datenunterst\u00fctzung zur Wagentechnischen Untersuchung<\/strong> und macht <strong>Haftungs\u00fcbernahmen sicherer.<\/strong><\/p>\n<h2><strong>Der one-time data call &#8211; F\u00fcr EVUs<\/strong><\/h2>\n<p>Der one-time data call ist eine <strong>gezielte Datenabfrage<\/strong> die Eisenbahnverkehrsunternehmen nutzen k\u00f6nnen, um sich <strong>gegen Schadensclaims und Haftbarhaltungen zu verteidigen<\/strong>. Liegt ein Schadensclaim zum Beispiel aufgrund einer entdeckten <strong>Flachstelle<\/strong> vor, k\u00f6nnen wir mit der <strong>UIC-Wagennummer<\/strong> und dem <strong>Zeitraum<\/strong> <strong>der Schadensfeststellung<\/strong> nachverfolgen, wann die Flachstelle zum ersten Mal aufgetreten ist und sie auf den <strong>Verursacher zur\u00fcckf\u00fchren.<\/strong> Die Datenabfrage f\u00fchren wir <strong>kostenlos<\/strong> durch. Liegen uns Daten vor, kann das EVU selbst entscheiden, ob es die Daten zur <strong>Haftungsfreistellung<\/strong> entgeltlich erwerben m\u00f6chte.<\/p>\n<h2><strong>Der Flottencheck:<\/strong><\/h2>\n<p>Der Flottencheck ist die M\u00f6glichkeit f\u00fcr alle <strong>Wagenhalter<\/strong>, ihre <strong>gesamte Flotte<\/strong> bequem vom Schreibtisch aus zu <strong>\u00fcberwachen<\/strong>. In zwei unterschiedlichen Dashboards k\u00f6nnen Wagen nach <strong>verschiedenen Kriterien gefiltert werden<\/strong>. <strong>Bremssohlendicke, geladenes Gefahrgut, Flachstellen<\/strong> und viele weitere Zust\u00e4nde k\u00f6nnen auf dem <strong>\u00dcbersichts-Dashboard auf einen Blick<\/strong> gesehen werden. F\u00fcr die genaue <strong>Analyse von Zustandsdaten<\/strong> kann das Detail-Dashboard aufgerufen werden. Wagenhalter k\u00f6nnen \u00fcber das Detaildashboard Bremssohlendicken millimetergenau pr\u00fcfen, den \u00e4u\u00dferen Zustand dank <strong>hochaufl\u00f6sender Bilder<\/strong> kontrollieren, und erfasste Flachstellen per <strong>Audiostream<\/strong> selbst nachh\u00f6ren. Der Flottencheck bietet Wagenhaltern damit eine <strong>wichtige Datenunterst\u00fctzung<\/strong> zur <strong>Planung und Optimierung<\/strong> von <strong>Instandhaltungsprozessen<\/strong> sowie der <strong>Verringerung von Standzeiten<\/strong>. Dar\u00fcber hinaus kann der Flottencheck Wagenhaltern dazu verhelfen, von einer zeitintervallbasierten zu einer <strong>zustandsbasierten Instandhaltung<\/strong> zu wechseln.<\/p>\n<h2>Der one-time data call &#8211; F\u00fcr Wagenhalter<\/h2>\n<p>Der one-time data call ist eine <strong>gezielte Datenabfrage,<\/strong> die Wagenhalter nutzen k\u00f6nnen, um <strong>Instandsetzungskosten zu verringern<\/strong>. Meldet ein EVU einen AVV Schaden zum Beispiel aufgrund einer entdeckten <strong>Flachstelle<\/strong>, k\u00f6nnen wir mit der <strong>UIC-Wagennummer<\/strong> und dem <strong>Zeitraum<\/strong> <strong>der Schadensfeststellung<\/strong> nachverfolgen, wann die Flachstelle zum ersten Mal aufgetreten ist und sie auf den <strong>Verursacher zur\u00fcckf\u00fchren.<\/strong> Die Datenabfrage f\u00fchren wir <strong>kostenlos<\/strong> durch. Liegen uns Daten vor, kann der G\u00fcterwagenhalter selbst entscheiden, ob es die Daten zur <strong>Haftungsfreistellung<\/strong> entgeltlich erwerben m\u00f6chte.<\/p>\n<h2>Der Operatercheck<\/h2>\n<p>Der Operatercheck ist die Datenunterst\u00fctzung f\u00fcr verladende Betriebe. UIC-Wagennummererkennung. 99% prozentige Erfassung von UIC-Wagennummern und \u00dcbertragung der Informationen in Echtzeit. Geeignet f\u00fcr Terminals &amp; H\u00e4fen zur Kontrolle ein- und ausfahrender Z\u00fcge sowie Nachverfolgung von Wagen und Ladung.\u00a0Geeignet f\u00fcr verladende Unternehmen zur Kontrolle ein- und ausfahrender Z\u00fcge sowie fr\u00fchzeitiger Schadwagenerkennung.<\/p>\n<p>&nbsp;<\/p>\n<p>&nbsp;<\/p>\n<h2>Unsere Technik<\/h2>\n<p>Eine \u00fcberdurchschnittlich gute Datenqualit\u00e4t l\u00e4sst sich nur mit \u00fcberdurchschnittlich guten Messinstrumenten erzeugen. Aus diesem Grund arbeiten wir seit Jahren an der Entwicklung und Weiterentwicklung unserer Pulsar-Messstationen. In einem kompakten und dennoch robusten Aluminiumgeh\u00e4use finden sich sowohl optische als auch akustische Sensoren, mit welchen wir von au\u00dfen messbare Zust\u00e4nde an G\u00fcterwagen erfassen.<\/p>\n<p><img loading=\"lazy\" decoding=\"async\" class=\"aligncenter\" src=\"https:\/\/trainsnap.com\/wp-content\/uploads\/2022\/03\/Flipped_RW_Pulsar_Pulsar2.png\" alt=\"\" width=\"295\" height=\"304\" \/><\/p>\n<p>F\u00fcr eine ausgezeichnete Bildqualit\u00e4t sorgen hochaufl\u00f6sende Kameras. Mit unserem eigens f\u00fcr den Pulsar entwickelten Lichtkonzept erm\u00f6glichen wir eine perfekte Ausleuchtung f\u00fcr maximale Sichtbarkeit der Zust\u00e4nde und Wagenanschriften wie UIC-Nummern, ohne dabei st\u00f6rende Nebeneffekte zu generieren. Mit den verbauten Hochleistungsmikrofonen gelingt es uns dar\u00fcber hinaus Flachstellen Achsgenau zu erkennen. Mittels k\u00fcnstlicher Intelligenz berechnen unsere Systeme technische Zust\u00e4nde von Bremssohlendicken \u00fcber Flachstellen bis hin zu Hei\u00dfl\u00e4ufern und Ladungserkennung. Durch eine Radarerkennung l\u00f6st der Pulsar nur aus, wenn ein Zug vorbeif\u00e4hrt, um eine St\u00f6rung der umliegenden Natur zu vermeiden. Dank eines kompakten und aktiv Temperaturgeregelten Geh\u00e4uses kann der Pulsar innerhalb eines Arbeitstages an nahezu jedem Standort, witterungsunabh\u00e4ngig und ohne Eingriff ins Schienennetz aufgebaut werden und binnen 24 Stunden betriebsbereit sein.<\/p>\n<p>Unser Pulsar+ ist dar\u00fcber hinaus mit einer Gleiswaage und Lasersensorik ausgestattet. So gelingt es uns zus\u00e4tzlich Achslasten und Maximalgewichte sowie Radprofildaten der G\u00fcterwagen zu ermitteln.<\/p>\n<p>&nbsp;<\/p>\n<p><img loading=\"lazy\" decoding=\"async\" class=\"\" src=\"https:\/\/www.rail-watch.com\/fileadmin\/user_upload\/Bsp_Team_Bilder\/2022-09-13_13_02_21-Infocharts_RW_-_PowerPoint.png\" alt=\"\" width=\"1309\" height=\"338\" \/><\/p>\n<p>&nbsp;<\/p>\n<p>Unsere Pulsare sind mit eigenen Rechenstationen ausgestattet. Diese Dezentralisierung der Rechenleistung erm\u00f6glicht es uns den Ausfall einer Station durch die Rechenleistung der anderen Stationen aufzufangen und schafft so eine gr\u00f6\u00dftm\u00f6gliche Sicherheit, dass zu jeder Zeit die beste Datenqualit\u00e4t geliefert werden kann. Ganz im Zeichen der Schwarmintelligenz k\u00f6nnen die Erkenntnisse einer Pulsar-Station auf unser gesamtes Netz aufspielen und so die Messqualit\u00e4t unseres gesamten Netzwerks verbessern.<\/p>\n<p style=\"text-align: right\"><span style=\"color: #ffffff\">.<\/span><\/p>\n<\/div>\n","protected":false},"excerpt":{"rendered":"","protected":false},"author":4,"featured_media":0,"parent":0,"menu_order":2,"comment_status":"closed","ping_status":"closed","template":"","meta":{"footnotes":""},"categories":[17],"tags":[224],"class_list":["post-788","page","type-page","status-publish","hentry","category-leistungsangebot","tag-page-switch-02"],"_links":{"self":[{"href":"https:\/\/lieferanten-verzeichnis.info\/railwatch\/wp-json\/wp\/v2\/pages\/788","targetHints":{"allow":["GET"]}}],"collection":[{"href":"https:\/\/lieferanten-verzeichnis.info\/railwatch\/wp-json\/wp\/v2\/pages"}],"about":[{"href":"https:\/\/lieferanten-verzeichnis.info\/railwatch\/wp-json\/wp\/v2\/types\/page"}],"author":[{"embeddable":true,"href":"https:\/\/lieferanten-verzeichnis.info\/railwatch\/wp-json\/wp\/v2\/users\/4"}],"replies":[{"embeddable":true,"href":"https:\/\/lieferanten-verzeichnis.info\/railwatch\/wp-json\/wp\/v2\/comments?post=788"}],"version-history":[{"count":24,"href":"https:\/\/lieferanten-verzeichnis.info\/railwatch\/wp-json\/wp\/v2\/pages\/788\/revisions"}],"predecessor-version":[{"id":1850,"href":"https:\/\/lieferanten-verzeichnis.info\/railwatch\/wp-json\/wp\/v2\/pages\/788\/revisions\/1850"}],"wp:attachment":[{"href":"https:\/\/lieferanten-verzeichnis.info\/railwatch\/wp-json\/wp\/v2\/media?parent=788"}],"wp:term":[{"taxonomy":"category","embeddable":true,"href":"https:\/\/lieferanten-verzeichnis.info\/railwatch\/wp-json\/wp\/v2\/categories?post=788"},{"taxonomy":"post_tag","embeddable":true,"href":"https:\/\/lieferanten-verzeichnis.info\/railwatch\/wp-json\/wp\/v2\/tags?post=788"}],"curies":[{"name":"wp","href":"https:\/\/api.w.org\/{rel}","templated":true}]}}