{"id":15,"date":"2022-07-12T03:20:27","date_gmt":"2022-07-12T01:20:27","guid":{"rendered":"https:\/\/lieferanten-verzeichnis.info\/metawell\/?page_id=15"},"modified":"2022-09-13T11:18:37","modified_gmt":"2022-09-13T09:18:37","slug":"r1_unternehmensprofil","status":"publish","type":"page","link":"https:\/\/lieferanten-verzeichnis.info\/metawell\/","title":{"rendered":"UNTERNEHMENSPROFIL"},"content":{"rendered":"<p>&nbsp;<\/p>\n<p>&nbsp;<\/p>\n<table style=\"border-collapse: collapse; width: 100%;\">\n<tbody>\n<tr>\n<td style=\"width: 5%; border-style: none; text-align: left;\">\u00a0<\/td>\n<td style=\"width: 90%; border-style: none; text-align: center;\">\n<p><a href=\"https:\/\/lieferanten-verzeichnis.info\/metawell\/\"> <img decoding=\"async\" class=\"aligncenter\" src=\"https:\/\/technik-netzwerk.de\/fileserver-zentrale\/www.lieferanten-verzeichnis.info\/lieferanten-logos\/metawell_logo_1000px.png\" alt=\"\" width=\"75%\" height=\"\" \/> <\/a><\/p>\n<\/td>\n<td style=\"width: 5%; border-style: none; text-align: right;\">\u00a0<\/td>\n<\/tr>\n<\/tbody>\n<\/table>\n<p>&nbsp;<\/p>\n<div data-post-id=\"3037\" class=\"insert-page insert-page-3037 \"><h2>Made in Germany \u2013 weltweit im Einsatz<\/h2>\n<p>Am Unternehmensstandort im bayrischen Neuburg an der Donau, produziert und entwickelt das Unternehmen Aluminium-Sandwichplatten und Leichtbaukomponenten \u2013 und das erfolgreich seit \u00fcber 35 Jahren.<\/p>\n<p>Die sehr leichten und dennoch extrem biegesteifen Sandwichplatten <a href=\"https:\/\/www.metawell.com\/portfolio\/aluminium-sandwichplatte-metawell\/\">Metawell<sup>\u00ae<\/sup><\/a> und <a href=\"https:\/\/www.metawell.com\/portfolio\/alu-leichtbauplatte-metawell-aluflex\/\">Metawell<sup>\u00ae<\/sup> Aluflex<\/a> werden f\u00fcr unz\u00e4hlige Anwendungen eingesetzt. Neben Halbzeugplatten liefert das Unternehmen auch umfassend bearbeitete Bauteile und ausgefallene Sonderanfertigungen sowie Sonderprodukte.<\/p>\n<p>Engineering-Kompetenz, moderne Fertigungstechnologien und nicht zuletzt die Leidenschaft f\u00fcr die Produkte und ihre Anwendungsm\u00f6glichkeiten machen Metawell zum kompetenten und starken Partner f\u00fcr Kunden aus den verschiedensten Branchen auf der ganzen Welt.<\/p>\n<h2>Gemeinsames Erarbeiten von sinnvollen Leichtbaul\u00f6sungen<\/h2>\n<p>In partnerschaftlicher Zusammenarbeit werden mit dem Kunden intelligente L\u00f6sungen erarbeitet um Wettbewerbsvorteile, wie z. B. wettbewerbsf\u00e4higere Produkte, Innovationen, eine beschleunigte Markteinf\u00fchrung, Kosteneinsparungen und Prozessoptimierungen zu generieren.<\/p>\n<p>L\u00f6sungsorientierung, Ideenreichtum und Anwendungssicherheit in Kombination mit weitreichendem Erfahrungshorizont sowie umfassende Engineering-Kompetenz, macht Metawell zu einem starken Partner im Bereich des Leichtbaus.<\/p>\n<h2>Pers\u00f6nlich \u2013 zuverl\u00e4ssig \u2013 erstklassig: Metawell<\/h2>\n<p>Ziel des Unternehmens ist es, mit qualitativ hochwertigen Produkten technisch und wirtschaftlich \u00fcberzeugende L\u00f6sungen f\u00fcr alle Bereiche herzustellen, in denen Funktion und Optik bei geringem Gewicht gew\u00fcnscht sind.<\/p>\n<p>Im Bewusstsein der Verantwortung gegen\u00fcber den Kunden weltweit wird besonderen Wert auf Zuverl\u00e4ssigkeit, Fairness und vor allem auf pers\u00f6nliches Engagement f\u00fcr die Belange der Ansprechpartner gelegt. Entscheidend ist der direkte Kontakt zu Kunden und das intensive Gespr\u00e4ch, um gemeinsam die beste L\u00f6sung zu finden.<\/p>\n<p>Die Kundenzufriedenheit ist genauso wichtig wie die erstklassige Qualit\u00e4t der Produkte. Jeder Metawell-Mitarbeiter tr\u00e4gt dazu bei, mit seiner Fachkompetenz und seinem Engagement die anspruchsvolle Qualit\u00e4tspolitik zu erf\u00fcllen.<\/p>\n<p>Langj\u00e4hrige, branchen\u00fcbergreifende Erfahrung in der Anwendungstechnik erm\u00f6glicht es, vielf\u00e4ltige technische Anforderungen aus unterschiedlichen Bereichen umzusetzen.<\/p>\n<\/div>\n<p>&nbsp;<\/p>\n<p style=\"text-align: right;\">.<\/p>\n","protected":false},"excerpt":{"rendered":"<p>&nbsp; &nbsp; \u00a0 \u00a0 &nbsp; &nbsp; .<\/p>\n","protected":false},"author":4,"featured_media":0,"parent":0,"menu_order":1,"comment_status":"closed","ping_status":"closed","template":"","meta":{"footnotes":""},"categories":[37],"tags":[227],"class_list":["post-15","page","type-page","status-publish","hentry","category-unternehmensprofil","tag-page-switch-01"],"_links":{"self":[{"href":"https:\/\/lieferanten-verzeichnis.info\/metawell\/wp-json\/wp\/v2\/pages\/15","targetHints":{"allow":["GET"]}}],"collection":[{"href":"https:\/\/lieferanten-verzeichnis.info\/metawell\/wp-json\/wp\/v2\/pages"}],"about":[{"href":"https:\/\/lieferanten-verzeichnis.info\/metawell\/wp-json\/wp\/v2\/types\/page"}],"author":[{"embeddable":true,"href":"https:\/\/lieferanten-verzeichnis.info\/metawell\/wp-json\/wp\/v2\/users\/4"}],"replies":[{"embeddable":true,"href":"https:\/\/lieferanten-verzeichnis.info\/metawell\/wp-json\/wp\/v2\/comments?post=15"}],"version-history":[{"count":137,"href":"https:\/\/lieferanten-verzeichnis.info\/metawell\/wp-json\/wp\/v2\/pages\/15\/revisions"}],"predecessor-version":[{"id":3167,"href":"https:\/\/lieferanten-verzeichnis.info\/metawell\/wp-json\/wp\/v2\/pages\/15\/revisions\/3167"}],"wp:attachment":[{"href":"https:\/\/lieferanten-verzeichnis.info\/metawell\/wp-json\/wp\/v2\/media?parent=15"}],"wp:term":[{"taxonomy":"category","embeddable":true,"href":"https:\/\/lieferanten-verzeichnis.info\/metawell\/wp-json\/wp\/v2\/categories?post=15"},{"taxonomy":"post_tag","embeddable":true,"href":"https:\/\/lieferanten-verzeichnis.info\/metawell\/wp-json\/wp\/v2\/tags?post=15"}],"curies":[{"name":"wp","href":"https:\/\/api.w.org\/{rel}","templated":true}]}}