{"id":15,"date":"2022-07-12T03:20:27","date_gmt":"2022-07-12T01:20:27","guid":{"rendered":"https:\/\/lieferanten-verzeichnis.info\/cico-slt\/?page_id=15"},"modified":"2022-09-15T04:51:18","modified_gmt":"2022-09-15T02:51:18","slug":"r1_unternehmensprofil","status":"publish","type":"page","link":"https:\/\/lieferanten-verzeichnis.info\/cico-slt\/","title":{"rendered":"UNTERNEHMENSPROFIL"},"content":{"rendered":"<p>&nbsp;<\/p>\n<p>&nbsp;<\/p>\n<table style=\"border-collapse: collapse; width: 100%;\">\n<tbody>\n<tr>\n<td style=\"width: 5%; border-style: none; text-align: left;\">\u00a0<\/td>\n<td style=\"width: 90%; border-style: none; text-align: center;\">\n<p><a href=\"https:\/\/lieferanten-verzeichnis.info\/cico-slt\/\"> <img decoding=\"async\" class=\"aligncenter\" src=\"https:\/\/technik-netzwerk.de\/fileserver-zentrale\/www.lieferanten-verzeichnis.info\/lieferanten-logos\/cico-slt_logo_1000px.png\" alt=\"\" width=\"33%\" height=\"\" \/> <\/a><\/p>\n<\/td>\n<td style=\"width: 5%; border-style: none; text-align: right;\">\u00a0<\/td>\n<\/tr>\n<\/tbody>\n<\/table>\n<p>&nbsp;<\/p>\n<div data-post-id=\"2186\" class=\"insert-page insert-page-2186 \"><div data-post-id=\"1416\" class=\"insert-page insert-page-1416 \"><div style=\"padding: 0 30px;color: #707070;font-family: -apple-system, BlinkMacSystemFont, 'Segoe UI', Roboto, Helvetica, Arial, sans-serif, 'Apple Color Emoji', 'Segoe UI Emoji', 'Segoe UI Symbol'\">\n<h2>Herzlich Willkommen auf der neuen Profilseite von der \t\tCICO SLT GmbH.<\/h2>\n<h2>Wir sind die CICO SLT GmbH.<\/h2>\n<h2>Wir kreieren \/ erstellen \/ entwickeln L\u00f6sungen.<\/h2>\n<p>Was uns auszeichnet \u2013 Produkte, die sich durch ihre Qualit\u00e4t auf dem Markt etabliert haben und f\u00fcr gro\u00dfe Nachfrage bei Endkunden sorgen. Wir verkaufen keine gew\u00f6hnlichen Schmierstoffe, betreiben keine aggressive Preispolitik. Wir sind ein Unternehmen, das f\u00fcr seine Produkte k\u00e4mpft, weil sie einzigartig sind.<\/p>\n<p>&nbsp;<\/p>\n<p>CICO\u00ae Produkte \u2013 Synthetische Hochleistungsschmier- und Konservierungsstoffe.<\/p>\n<p>&nbsp;<\/p>\n<p>CICO\u00ae Produkte sind seit \u00fcber 40 Jahren weltweit im Einsatz. Die Anf\u00e4nge reichen bis in das Jahr 1980 zur\u00fcck. Der Chemiker Dr. A. Herczeg entwickelte eine einzigartige Formel, die zur Grundlage einer breiten Palette von Hochleistungsschmier- und Konservierungsstoffen f\u00fcr verschiedenste Anwendungsbereiche wurde. Der legend\u00e4re Ruf der CICO\u00ae Produkte basiert auf ihrer herausragenden und stabilen Qualit\u00e4t, st\u00e4ndig verbesserter Anwenderfreundlichkeit und modernster Technologie. Der weltweite Gebrauch mit seinen langfristig \u00fcberzeugenden Ergebnissen und der kundenorientierte Vertrieb bilden die Grundlage f\u00fcr die langfristigen guten internationalen Gesch\u00e4ftsbeziehungen.<\/p>\n<p>&nbsp;<\/p>\n<p>CICO\u00ae Produkte werden weltweit vertrieben durch CICO SLT GmbH.<\/p>\n<\/div>\n<\/div>\n<\/div>\n<p>&nbsp;<\/p>\n<p style=\"text-align: right;\">.<\/p>\n","protected":false},"excerpt":{"rendered":"<p>&nbsp; &nbsp; \u00a0 \u00a0 &nbsp; &nbsp; .<\/p>\n","protected":false},"author":4,"featured_media":0,"parent":0,"menu_order":1,"comment_status":"closed","ping_status":"closed","template":"","meta":{"footnotes":""},"categories":[37],"tags":[227],"class_list":["post-15","page","type-page","status-publish","hentry","category-unternehmensprofil","tag-page-switch-01"],"_links":{"self":[{"href":"https:\/\/lieferanten-verzeichnis.info\/cico-slt\/wp-json\/wp\/v2\/pages\/15","targetHints":{"allow":["GET"]}}],"collection":[{"href":"https:\/\/lieferanten-verzeichnis.info\/cico-slt\/wp-json\/wp\/v2\/pages"}],"about":[{"href":"https:\/\/lieferanten-verzeichnis.info\/cico-slt\/wp-json\/wp\/v2\/types\/page"}],"author":[{"embeddable":true,"href":"https:\/\/lieferanten-verzeichnis.info\/cico-slt\/wp-json\/wp\/v2\/users\/4"}],"replies":[{"embeddable":true,"href":"https:\/\/lieferanten-verzeichnis.info\/cico-slt\/wp-json\/wp\/v2\/comments?post=15"}],"version-history":[{"count":138,"href":"https:\/\/lieferanten-verzeichnis.info\/cico-slt\/wp-json\/wp\/v2\/pages\/15\/revisions"}],"predecessor-version":[{"id":2761,"href":"https:\/\/lieferanten-verzeichnis.info\/cico-slt\/wp-json\/wp\/v2\/pages\/15\/revisions\/2761"}],"wp:attachment":[{"href":"https:\/\/lieferanten-verzeichnis.info\/cico-slt\/wp-json\/wp\/v2\/media?parent=15"}],"wp:term":[{"taxonomy":"category","embeddable":true,"href":"https:\/\/lieferanten-verzeichnis.info\/cico-slt\/wp-json\/wp\/v2\/categories?post=15"},{"taxonomy":"post_tag","embeddable":true,"href":"https:\/\/lieferanten-verzeichnis.info\/cico-slt\/wp-json\/wp\/v2\/tags?post=15"}],"curies":[{"name":"wp","href":"https:\/\/api.w.org\/{rel}","templated":true}]}}